{"id":72,"date":"2025-08-09T19:54:08","date_gmt":"2025-08-09T17:54:08","guid":{"rendered":"https:\/\/destinosyrutasdecolombia.com\/?page_id=72"},"modified":"2025-08-09T19:54:08","modified_gmt":"2025-08-09T17:54:08","slug":"blog","status":"publish","type":"page","link":"https:\/\/destinosyrutasdecolombia.com\/?page_id=72","title":{"rendered":"Blog"},"content":{"rendered":"\n<div class=\"section-wrapper\" data-id=\"lC1z70\"><section class=\"wp-block-gutenverse-section guten-element guten-section guten-lC1z70 layout-boxed align-stretch\"><div class=\"guten-container guten-column-gap-default\">\n<div class=\"wp-block-gutenverse-column guten-element guten-column guten-9zJto0\"><div class=\"guten-column-wrapper\" data-id=\"9zJto0\">\n<div class=\"wp-block-gutenverse-image guten-element guten-image guten-MiZ0DY\"><div class=\"guten-image-wrapper\"><img fetchpriority=\"high\" decoding=\"async\" class=\"gutenverse-image-box-filled\" src=\"https:\/\/destinosyrutasdecolombia.com\/wp-content\/uploads\/2025\/08\/3-scaled.png\" height=\"1106\" width=\"2560\" alt=\"\"\/><\/div><\/div>\n<\/div><\/div>\n\n\n\n<div class=\"wp-block-gutenverse-column guten-element guten-column guten-fVsOG6\"><div class=\"guten-column-wrapper\" data-id=\"fVsOG6\"><div id=\"guten-pRpuX2\" class=\"guten-element guten-nav-menu nav-menu break-point-tablet submenu-click-title \" data-item-indicator=\"gtn gtn-angle-down-solid\" data-close-on-click=\"1\">\n\t\t\t<div class=\"gutenverse-hamburger-wrapper\">\n\t\t\t\t<button class=\"gutenverse-hamburger-menu\" aria-label=>\n\t\t\t\t\t<i aria-hidden=\"true\" class=\"gtn gtn-bars-solid\"><\/i>\n\t\t\t\t<\/button>\n\t\t\t<\/div>\n\t\t\t\n\t\t\t<div class=\"gutenverse-menu-wrapper\"><div class=\"gutenverse-menu-container\"><ul id=\"menu-1\" class=\"gutenverse-menu\"><li id=\"menu-item-74\" class=\"menu-item menu-item-type-custom menu-item-object-custom menu-item-home menu-item-74\"><a href=\"javascript:void(0);\" data-href=\"https:\/\/destinosyrutasdecolombia.com\/\">Home<\/a><\/li>\n<li id=\"menu-item-75\" class=\"menu-item menu-item-type-custom menu-item-object-custom menu-item-75\"><a href=\"javascript:void(0);\" data-href=\"https:\/\/destinosyrutasdecolombia.com\/?page_id=57\">Nosotros<\/a><\/li>\n<li id=\"menu-item-76\" class=\"menu-item menu-item-type-custom menu-item-object-custom menu-item-has-children menu-item-76\"><a href=\"javascript:void(0);\" data-href=\"#\">Destinos<\/a>\n<ul class=\"sub-menu\">\n\t<li id=\"menu-item-77\" class=\"menu-item menu-item-type-custom menu-item-object-custom menu-item-77\"><a href=\"javascript:void(0);\" data-href=\"https:\/\/destinosyrutasdecolombia.com\/?page_id=60\">Destinations<\/a><\/li>\n\t<li id=\"menu-item-78\" class=\"menu-item menu-item-type-custom menu-item-object-custom menu-item-78\"><a href=\"javascript:void(0);\" data-href=\"https:\/\/destinosyrutasdecolombia.com\/?page_id=69\">Destination Detail<\/a><\/li>\n<\/ul>\n<\/li>\n<li id=\"menu-item-79\" class=\"menu-item menu-item-type-custom menu-item-object-custom menu-item-has-children menu-item-79\"><a href=\"javascript:void(0);\" data-href=\"#\">Paginas<\/a>\n<ul class=\"sub-menu\">\n\t<li id=\"menu-item-80\" class=\"menu-item menu-item-type-custom menu-item-object-custom menu-item-80\"><a href=\"javascript:void(0);\" data-href=\"https:\/\/destinosyrutasdecolombia.com\/?page_id=70\">FAQ<\/a><\/li>\n\t<li id=\"menu-item-81\" class=\"menu-item menu-item-type-custom menu-item-object-custom menu-item-81\"><a href=\"javascript:void(0);\" data-href=\"https:\/\/destinosyrutasdecolombia.com\/?page_id=73\">Contactanos<\/a><\/li>\n<\/ul>\n<\/li>\n<li id=\"menu-item-82\" class=\"menu-item menu-item-type-custom menu-item-object-custom menu-item-has-children menu-item-82\"><a href=\"javascript:void(0);\" data-href=\"#\">Blog<\/a>\n<ul class=\"sub-menu\">\n\t<li id=\"menu-item-83\" class=\"menu-item menu-item-type-custom menu-item-object-custom menu-item-83\"><a href=\"javascript:void(0);\" data-href=\"https:\/\/destinosyrutasdecolombia.com\/?page_id=72\">Blog Page<\/a><\/li>\n\t<li id=\"menu-item-84\" class=\"menu-item menu-item-type-custom menu-item-object-custom menu-item-84\"><a href=\"javascript:void(0);\" data-href=\"#\">Single Post<\/a><\/li>\n<\/ul>\n<\/li>\n<\/ul><\/div>\n\t\t\t\t<div>\n\t\t\t\t\t<div class=\"gutenverse-nav-identity-panel\">\n\t\t\t\t\t\t<div class=\"gutenverse-nav-site-title\">\n\t\t\t\t\t\t\t<a href=\"https:\/\/destinosyrutasdecolombia.com\" class=\"gutenverse-nav-logo\"><img decoding=\"async\" src=\"https:\/\/destinosyrutasdecolombia.com\/wp-content\/uploads\/2025\/08\/matour-logo-white.webp\" alt=\"Destinos y Rutas de Colombia - Agencia de Viajes local\"><\/a>\n\t\t\t\t\t\t<\/div>\n\t\t\t\t\t\t<button class=\"gutenverse-close-menu\" aria-label=><i aria-hidden=\"true\" class=\"gtn gtn-times-solid\"><\/i><\/button>\n\t\t\t\t\t<\/div>\n\t\t\t\t<\/div>\n\t\t\t<\/div>\n\t\t<\/div><\/div><\/div>\n\n\n\n<div class=\"wp-block-gutenverse-column guten-element guten-column guten-vQZjJ1 hide-tablet hide-mobile\"><div class=\"guten-column-wrapper\" data-id=\"vQZjJ1\">\n<div class=\"guten-element guten-eElpyu guten-icon-box icon-position-undefined\"><a class=\"\" href=\"https:\/\/api.whatsapp.com\/send?phone=573136136170\" target=\"_blank\" rel=\"noreferrer noopener\"><div class=\"guten-icon-box-wrapper hover-from-left\"><div class=\"icon-box icon-box-header\"><div class=\"icon bg-style-color\"><i class=\"fas fa-phone icon-style-color\"><\/i><\/div><\/div><\/div><\/a><\/div>\n<\/div><\/div>\n<\/div><\/section><\/div>\n\n\n\n<div class=\"section-wrapper\" data-id=\"y21fUj\"><section class=\"wp-block-gutenverse-section guten-element guten-section guten-y21fUj layout-boxed align-stretch\"><div class=\"guten-background-overlay\"><\/div><div class=\"guten-container guten-column-gap-default\">\n<div class=\"wp-block-gutenverse-column guten-element guten-column guten-Tn8G3u\"><div class=\"guten-column-wrapper\" data-id=\"Tn8G3u\">\n<div class=\"guten-element guten-wrap-helper no-margin guten-CxJ9f3 animated guten-element-hide desktop-fadeInLeft inline-block\"><div class=\"guten-inner-wrap\" data-id=\"CxJ9f3\">\n<h5 class=\"wp-block-gutenverse-heading guten-element guten-pgET5x\">Home<\/h5>\n\n\n\n<div class=\"guten-element guten-icon-list guten-smNY7C\"><div class=\" list-wrapper inline-icon-list\">\n<div class=\"guten-element guten-icon-list-item guten-LhTgJQ\"><div class=\"list-divider\"><\/div><a id=\"guten-LhTgJQ\"><i class=\"fas fa-chevron-circle-right\"><\/i><span class=\"list-text \">Blog<\/span><\/a><\/div>\n<\/div><\/div>\n<\/div><\/div>\n\n\n\n<h1 class=\"wp-block-gutenverse-heading guten-element guten-ztdrc4 animated guten-element-hide desktop-fadeInLeft\">Our Latest Travel Article, News &#038; Promo<\/h1>\n<\/div><\/div>\n<\/div><\/section><\/div>\n\n\n\n<div class=\"section-wrapper\" data-id=\"52Itux\"><section class=\"wp-block-gutenverse-section guten-element guten-section guten-52Itux layout-boxed align-stretch\"><div class=\"guten-container guten-column-gap-default\">\n<div class=\"wp-block-gutenverse-column guten-element guten-column guten-KBC1oo\"><div class=\"guten-column-wrapper\" data-id=\"KBC1oo\"><div  class=\"gutenverse guten-postblock postblock-type-2 guten-pagination-loadmore  post-element guten-uVZVeu\"  data-id=\"guten-uVZVeu\" data-settings=\"{&quot;elementId&quot;:&quot;guten-uVZVeu&quot;,&quot;numberPost&quot;:&quot;6&quot;,&quot;postOffset&quot;:&quot;0&quot;,&quot;column&quot;:{&quot;Desktop&quot;:&quot;3&quot;,&quot;Tablet&quot;:&quot;1&quot;},&quot;categoryEnabled&quot;:false,&quot;excerptLength&quot;:&quot;20&quot;,&quot;readmoreIcon&quot;:&quot;gtn gtn-right-arrow-light&quot;,&quot;metaEnabled&quot;:false,&quot;postblockType&quot;:&quot;type-2&quot;,&quot;paginationMode&quot;:&quot;loadmore&quot;,&quot;postItemMargin&quot;:{&quot;Desktop&quot;:{&quot;unit&quot;:&quot;px&quot;,&quot;dimension&quot;:{&quot;top&quot;:&quot;0&quot;,&quot;right&quot;:&quot;0&quot;,&quot;bottom&quot;:&quot;50&quot;,&quot;left&quot;:&quot;0&quot;}},&quot;Tablet&quot;:{&quot;unit&quot;:&quot;px&quot;,&quot;dimension&quot;:{&quot;bottom&quot;:&quot;30&quot;}},&quot;Mobile&quot;:[]},&quot;postItemPadding&quot;:{&quot;Desktop&quot;:{&quot;unit&quot;:&quot;px&quot;,&quot;dimension&quot;:{&quot;top&quot;:&quot;&quot;,&quot;right&quot;:&quot;&quot;,&quot;bottom&quot;:&quot;&quot;,&quot;left&quot;:&quot;&quot;}},&quot;Tablet&quot;:[],&quot;Mobile&quot;:[]},&quot;postItemBorder&quot;:{&quot;radius&quot;:{&quot;Desktop&quot;:{&quot;unit&quot;:&quot;px&quot;,&quot;dimension&quot;:{&quot;top&quot;:&quot;20&quot;,&quot;right&quot;:&quot;20&quot;,&quot;bottom&quot;:&quot;20&quot;,&quot;left&quot;:&quot;20&quot;}}}},&quot;thumbnailRadius&quot;:{&quot;Desktop&quot;:{&quot;unit&quot;:&quot;px&quot;,&quot;dimension&quot;:{&quot;top&quot;:&quot;20&quot;,&quot;right&quot;:&quot;20&quot;,&quot;bottom&quot;:&quot;20&quot;,&quot;left&quot;:&quot;20&quot;}},&quot;Tablet&quot;:[],&quot;Mobile&quot;:[]},&quot;paginationMargin&quot;:{&quot;Desktop&quot;:{&quot;unit&quot;:&quot;px&quot;,&quot;dimension&quot;:{&quot;top&quot;:&quot;20&quot;}}},&quot;paginationPadding&quot;:{&quot;Desktop&quot;:{&quot;unit&quot;:&quot;px&quot;,&quot;dimension&quot;:{&quot;top&quot;:&quot;18&quot;,&quot;right&quot;:&quot;34&quot;,&quot;bottom&quot;:&quot;18&quot;,&quot;left&quot;:&quot;34&quot;}}},&quot;paginationBorder&quot;:{&quot;radius&quot;:{&quot;Desktop&quot;:{&quot;unit&quot;:&quot;px&quot;,&quot;dimension&quot;:{&quot;top&quot;:&quot;50&quot;,&quot;right&quot;:&quot;50&quot;,&quot;bottom&quot;:&quot;50&quot;,&quot;left&quot;:&quot;50&quot;}}}},&quot;inheritQuery&quot;:true,&quot;postType&quot;:&quot;post&quot;,&quot;excludeCurrentPost&quot;:false,&quot;includePost&quot;:[],&quot;excludePost&quot;:[],&quot;includeCategory&quot;:[],&quot;excludeCategory&quot;:[],&quot;includeAuthor&quot;:[],&quot;includeTag&quot;:[],&quot;excludeTag&quot;:[],&quot;htmlTag&quot;:&quot;h3&quot;,&quot;categoryPosition&quot;:&quot;center&quot;,&quot;excerptEnabled&quot;:true,&quot;excerptMore&quot;:&quot;...&quot;,&quot;readmoreEnabled&quot;:true,&quot;readmoreIconPosition&quot;:&quot;after&quot;,&quot;readmoreText&quot;:&quot;Read More&quot;,&quot;commentEnabled&quot;:false,&quot;commentIcon&quot;:&quot;fas fa-comment&quot;,&quot;commentIconPosition&quot;:&quot;before&quot;,&quot;metaAuthorEnabled&quot;:true,&quot;metaAuthorByText&quot;:&quot;by&quot;,&quot;metaAuthorIcon&quot;:&quot;fas fa-user&quot;,&quot;metaAuthorIconPosition&quot;:&quot;before&quot;,&quot;metaDateEnabled&quot;:true,&quot;metaDateType&quot;:&quot;published&quot;,&quot;metaDateFormat&quot;:&quot;default&quot;,&quot;metaDateFormatCustom&quot;:&quot;&quot;,&quot;metaDateIcon&quot;:&quot;fas fa-clock&quot;,&quot;metaDateIconPosition&quot;:&quot;before&quot;,&quot;breakpoint&quot;:&quot;tablet&quot;,&quot;noContentText&quot;:&quot;No Content&quot;,&quot;paginationLoadmoreText&quot;:&quot;Load More&quot;,&quot;paginationLoadingText&quot;:&quot;Loading...&quot;,&quot;paginationNumberPost&quot;:3,&quot;paginationScrollLimit&quot;:0,&quot;paginationIcon&quot;:&quot;&quot;,&quot;paginationIconPosition&quot;:&quot;before&quot;,&quot;background&quot;:[],&quot;backgroundHover&quot;:[],&quot;animation&quot;:[],&quot;paginationPrevNextText&quot;:true,&quot;paginationPrevText&quot;:&quot;Prev&quot;,&quot;paginationNextText&quot;:&quot;Next&quot;,&quot;paginationPrevIcon&quot;:&quot;fas fa-chevron-left&quot;,&quot;paginationNextIcon&quot;:&quot;fas fa-chevron-right&quot;,&quot;contentOrder&quot;:[{&quot;label&quot;:&quot;Title&quot;,&quot;value&quot;:&quot;title&quot;},{&quot;label&quot;:&quot;Meta&quot;,&quot;value&quot;:&quot;meta&quot;},{&quot;label&quot;:&quot;Excerpt&quot;,&quot;value&quot;:&quot;excerpt&quot;},{&quot;label&quot;:&quot;Read More&quot;,&quot;value&quot;:&quot;read&quot;}],&quot;paginationLoadmoreAnimation&quot;:&quot;&quot;,&quot;paginationLoadmoreAnimationSequence&quot;:&quot;&quot;,&quot;paged&quot;:1,&quot;class&quot;:null}\"><div class=\"guten-block-container\">\n            <div class=\"guten-posts guten-ajax-flag\">\n            <article class=\"guten-post post-1 post type-post status-publish format-standard hentry category-sin-categoria\">\n                    <div class=\"guten-thumb\"><a href=\"javascript:void(0);\" data-href=\"https:\/\/destinosyrutasdecolombia.com\/?p=1\"><div class=\"thumbnail-container no_thumbnail\">\n            \n\t\t\t<div class=\"guten-overlay\"><\/div>\n        <\/div><\/a><\/div>\n                    <div class=\"guten-postblock-content\"><h3 class=\"guten-post-title\">\n\t\t\t\t\t\t\t<a href=\"javascript:void(0);\" data-href=\"https:\/\/destinosyrutasdecolombia.com\/?p=1\">\u00a1Hola, mundo!<\/a>\n\t\t\t\t\t\t<\/h3><div class=\"guten-post-excerpt\"><p>Te damos la bienvenida a WordPress. Esta es tu primera entrada. Ed\u00edtala o b\u00f3rrala, \u00a1luego empieza a escribir!<\/p><\/div><div class=\"guten-post-meta-bottom\">\n\t\t\t\t\t\t\t<div class=\"guten-meta-readmore icon-position-after\">\n                <a href=\"javascript:void(0);\" data-href=\"https:\/\/destinosyrutasdecolombia.com\/?p=1\" class=\"guten-readmore\">Read More<i aria-hidden=\"true\" class=\"gtn gtn-right-arrow-light\"><\/i><\/a>\n            <\/div>\n\t\t\t\t\t\t<\/div><\/div>\n                <\/article>\n        <\/div>\n        <\/div><\/div><\/div><\/div>\n<\/div><\/section><\/div>\n\n\n\n<div class=\"section-wrapper\" data-id=\"ZAATOv\"><section class=\"wp-block-gutenverse-section guten-element guten-section guten-ZAATOv layout-boxed align-stretch\"><div class=\"guten-background-overlay\"><\/div><div class=\"guten-container guten-column-gap-default\">\n<div class=\"wp-block-gutenverse-column guten-element guten-column guten-l3t4AT\"><div class=\"guten-column-wrapper\" data-id=\"l3t4AT\">\n<h2 class=\"wp-block-gutenverse-heading guten-element guten-K4ljAM animated guten-element-hide desktop-fadeInUp\">Ac\u00e9rcate a nosotros y consigue promoci\u00f3n especial<\/h2>\n\n\n\n<div class=\"guten-element gutenverse-text-editor guten-hZ4jH8 animated guten-element-hide desktop-fadeInUp\"><div class=\"text-content-inner\">\n<p>Cont\u00e1ctanos y disfruta de beneficios exclusivos, descuentos \u00fanicos y experiencias dise\u00f1adas para ti.<\/p>\n<\/div><\/div>\n\n\n\n<div class=\"guten-element guten-button-wrapper guten-AiDES6\"><a class=\"guten-button animated guten-element-hide desktop-fadeInUp guten-button-sm\" href=\"#\"><span>ContactANOS<\/span><\/a><\/div>\n<\/div><\/div>\n<\/div><\/section><\/div>\n\n\n\n<div class=\"section-wrapper\" data-id=\"J0u3Zk\"><section class=\"wp-block-gutenverse-section guten-element guten-section guten-J0u3Zk layout-boxed align-stretch\"><div class=\"guten-container guten-column-gap-default\">\n<div class=\"wp-block-gutenverse-column guten-element guten-column guten-HaJdS6\"><div class=\"guten-column-wrapper\" data-id=\"HaJdS6\">\n<div class=\"section-wrapper\" data-id=\"pwmrDy\"><section class=\"wp-block-gutenverse-section guten-element guten-section guten-pwmrDy layout-boxed align-stretch\"><div class=\"guten-container guten-column-gap-no\">\n<div class=\"wp-block-gutenverse-column guten-element guten-column guten-l340Cx\"><div class=\"guten-column-wrapper\" data-id=\"l340Cx\"><div class=\"guten-background-overlay\"><\/div>\n<div class=\"wp-block-gutenverse-image guten-element guten-image guten-Jav5Iq\"><div class=\"guten-image-wrapper\"><img decoding=\"async\" class=\"gutenverse-image-box-filled\" src=\"https:\/\/destinosyrutasdecolombia.com\/wp-content\/uploads\/2025\/08\/3-scaled.png\" height=\"1106\" width=\"2560\"\/><\/div><\/div>\n\n\n\n<div class=\"guten-element gutenverse-text-editor guten-P9uOqV\"><div class=\"text-content-inner\">\n<p>M\u00e1s de dos d\u00e9cadas en el coraz\u00f3n de la naturaleza y la cultura, eco turismo alta y agroturismo.<\/p>\n<\/div><\/div>\n\n\n\n<div class=\"guten-element guten-social-icons guten-uRvCut circle horizontal fill\">\n<div class=\"guten-element guten-social-icon guten-VNpQiG instagram\"><a id=\"guten-VNpQiG\" href=\"#\"><i class=\"fab fa-instagram\"><\/i><\/a><\/div>\n\n\n\n<div class=\"guten-element guten-social-icon guten-DJlnur twitter\"><a id=\"guten-DJlnur\" href=\"#\"><i class=\"fab fa-x-twitter\"><\/i><\/a><\/div>\n\n\n\n<div class=\"guten-element guten-social-icon guten-lukBFx facebook\"><a id=\"guten-lukBFx\" href=\"#\"><i class=\"fab fa-facebook-square\"><\/i><\/a><\/div>\n\n\n\n<div class=\"guten-element guten-social-icon guten-awTlkD youtube\"><a id=\"guten-awTlkD\" href=\"#\"><i class=\"gtn gtn-youtube-v-light\"><\/i><\/a><\/div>\n<\/div>\n<\/div><\/div>\n\n\n\n<div class=\"wp-block-gutenverse-column guten-element guten-column guten-0eRagw\"><div class=\"guten-column-wrapper\" data-id=\"0eRagw\">\n<h3 class=\"wp-block-gutenverse-heading guten-element guten-lyBy7i\">Pagina<\/h3>\n\n\n\n<div class=\"guten-element guten-icon-list guten-cvXzNH\"><div class=\" list-wrapper \">\n<div class=\"guten-element guten-icon-list-item guten-g9hfsp\"><div class=\"list-divider\"><\/div><a id=\"guten-g9hfsp\" href=\"#\"><i class=\"\"><\/i><span class=\"list-text \">Nosotros <\/span><\/a><\/div>\n\n\n\n<div class=\"guten-element guten-icon-list-item guten-OnzXSo\"><div class=\"list-divider\"><\/div><a id=\"guten-OnzXSo\" href=\"#\"><i class=\"\"><\/i><span class=\"list-text \">Servicios <\/span><\/a><\/div>\n\n\n\n<div class=\"guten-element guten-icon-list-item guten-y8wptA\"><div class=\"list-divider\"><\/div><a id=\"guten-y8wptA\" href=\"#\"><i class=\"\"><\/i><span class=\"list-text \">FAQ<\/span><\/a><\/div>\n\n\n\n<div class=\"guten-element guten-icon-list-item guten-e0syhD\"><div class=\"list-divider\"><\/div><a id=\"guten-e0syhD\" href=\"#\"><i class=\"\"><\/i><span class=\"list-text \">Cont\u00e1ctanos<\/span><\/a><\/div>\n<\/div><\/div>\n<\/div><\/div>\n\n\n\n<div class=\"wp-block-gutenverse-column guten-element guten-column guten-Lak9jl\"><div class=\"guten-column-wrapper\" data-id=\"Lak9jl\">\n<h3 class=\"wp-block-gutenverse-heading guten-element guten-Bue82t\">Links importantes <\/h3>\n\n\n\n<div class=\"guten-element guten-icon-list guten-L5hGyo\"><div class=\" list-wrapper \">\n<div class=\"guten-element guten-icon-list-item guten-L0skg4\"><div class=\"list-divider\"><\/div><a id=\"guten-L0skg4\" href=\"#\"><i class=\"\"><\/i><span class=\"list-text \">Politica de privacidad <\/span><\/a><\/div>\n\n\n\n<div class=\"guten-element guten-icon-list-item guten-OwQ7F8\"><div class=\"list-divider\"><\/div><a id=\"guten-OwQ7F8\" href=\"#\"><i class=\"\"><\/i><span class=\"list-text \">Career<\/span><\/a><\/div>\n\n\n\n<div class=\"guten-element guten-icon-list-item guten-cv5LK1\"><div class=\"list-divider\"><\/div><a id=\"guten-cv5LK1\" href=\"#\"><i class=\"\"><\/i><span class=\"list-text \">Blog<\/span><\/a><\/div>\n\n\n\n<div class=\"guten-element guten-icon-list-item guten-8EU4ma\"><div class=\"list-divider\"><\/div><a id=\"guten-8EU4ma\" href=\"#\"><i class=\"\"><\/i><span class=\"list-text \">T\u00e9rminos  y condiciones <\/span><\/a><\/div>\n<\/div><\/div>\n<\/div><\/div>\n\n\n\n<div class=\"wp-block-gutenverse-column guten-element guten-column guten-jyyYeS\"><div class=\"guten-column-wrapper\" data-id=\"jyyYeS\">\n<h3 class=\"wp-block-gutenverse-heading guten-element guten-oHl8gu\">Nuestros Blogs <\/h3>\n\n\n\n<div class=\"guten-element gutenverse-text-editor guten-9cQYgT\"><div class=\"text-content-inner\">\n<p>Conoce todas nuestras experiencias, toda la informaci\u00f3n que nosotros te queremos compartir<\/p>\n<\/div><\/div>\n\n\n\n<form style=\"display:none\" class=\"guten-element guten-form-builder guten-y0NNyk\" data-form-id=\"225\">\n<div class=\"section-wrapper\" data-id=\"l0UPc5\"><section class=\"wp-block-gutenverse-section guten-element guten-section guten-l0UPc5 layout-boxed align-stretch\"><div class=\"guten-container guten-column-gap-no\">\n<div class=\"wp-block-gutenverse-column guten-element guten-column guten-qLZ8LV\"><div class=\"guten-column-wrapper\" data-id=\"qLZ8LV\">\n<div class=\"guten-element guten-form-input-email guten-form-input guten-input-position-top guten-LY7O0S hide-label hide-helper\"><div class=\"label-wrapper\"><\/div><div class=\"main-wrapper\"><input data-validation=\"{&quot;type&quot;:&quot;email&quot;,&quot;required&quot;:false,&quot;validationType&quot;:&quot;none&quot;,&quot;validationWarning&quot;:&quot;Input Invalid&quot;}\" placeholder=\"Your Email Address\" name=\"input-email\" class=\"gutenverse-input gutenverse-input-email\" type=\"email\"\/><div class=\"validation-error\">Input Invalid<\/div><\/div><\/div>\n\n\n\n<div class=\"guten-element guten-button-wrapper guten-submit-wrapper guten-NrNlCt\"><div class=\"form-notification\"><\/div><button class=\"guten-button gutenverse-input-submit guten-button-sm\" type=\"submit\"><span>Sign Up<\/span><\/button><div class=\"gutenverse-input-submit-loader\"><i class=\"fas fa-spinner fa-spin\"><\/i><\/div><\/div>\n<\/div><\/div>\n<\/div><\/section><\/div>\n<\/form>\n<\/div><\/div>\n<\/div><\/section><\/div>\n\n\n\n<div class=\"section-wrapper\" data-id=\"gfIDu0\"><section class=\"wp-block-gutenverse-section guten-element guten-section guten-gfIDu0 layout-boxed align-stretch\"><div class=\"guten-container guten-column-gap-no\">\n<div class=\"wp-block-gutenverse-column guten-element guten-column guten-CvZ92q\"><div class=\"guten-column-wrapper\" data-id=\"CvZ92q\">\n<div class=\"guten-element gutenverse-text-editor guten-j7hpSd\"><div class=\"text-content-inner\">\n<p>Hecho por kaiho Experience <\/p>\n<\/div><\/div>\n<\/div><\/div>\n\n\n\n<div class=\"wp-block-gutenverse-column guten-element guten-column guten-j5mT1M\"><div class=\"guten-column-wrapper\" data-id=\"j5mT1M\">\n<div class=\"guten-element gutenverse-text-editor guten-Bcglpw\"><div class=\"text-content-inner\">\n<p>Copyright \u00a9 2025. All rights reserved.<\/p>\n<\/div><\/div>\n<\/div><\/div>\n<\/div><\/section><\/div>\n<\/div><\/div>\n<\/div><\/section><\/div>\n","protected":false},"excerpt":{"rendered":"","protected":false},"author":1,"featured_media":0,"parent":0,"menu_order":0,"comment_status":"closed","ping_status":"closed","template":"blank-canvas","meta":{"_monsterinsights_skip_tracking":false,"_monsterinsights_sitenote_active":false,"_monsterinsights_sitenote_note":"","_monsterinsights_sitenote_category":0,"_mbp_gutenberg_autopost":false,"_joinchat":[],"footnotes":""},"class_list":["post-72","page","type-page","status-publish","hentry"],"yoast_head":"<!-- This site is optimized with the Yoast SEO plugin v25.8 - https:\/\/yoast.com\/wordpress\/plugins\/seo\/ -->\n<title>Blog - Destinos y Rutas de Colombia<\/title>\n<meta name=\"robots\" content=\"index, follow, max-snippet:-1, max-image-preview:large, max-video-preview:-1\" \/>\n<link rel=\"canonical\" href=\"https:\/\/destinosyrutasdecolombia.com\/?page_id=72\" \/>\n<meta property=\"og:locale\" content=\"es_ES\" \/>\n<meta property=\"og:type\" content=\"article\" \/>\n<meta property=\"og:title\" content=\"Blog - Destinos y Rutas de Colombia\" \/>\n<meta property=\"og:url\" content=\"https:\/\/destinosyrutasdecolombia.com\/?page_id=72\" \/>\n<meta property=\"og:site_name\" content=\"Destinos y Rutas de Colombia\" \/>\n<meta name=\"twitter:card\" content=\"summary_large_image\" \/>\n<script type=\"application\/ld+json\" class=\"yoast-schema-graph\">{\"@context\":\"https:\/\/schema.org\",\"@graph\":[{\"@type\":\"WebPage\",\"@id\":\"https:\/\/destinosyrutasdecolombia.com\/?page_id=72\",\"url\":\"https:\/\/destinosyrutasdecolombia.com\/?page_id=72\",\"name\":\"Blog - Destinos y Rutas de Colombia\",\"isPartOf\":{\"@id\":\"https:\/\/destinosyrutasdecolombia.com\/#website\"},\"datePublished\":\"2025-08-09T17:54:08+00:00\",\"breadcrumb\":{\"@id\":\"https:\/\/destinosyrutasdecolombia.com\/?page_id=72#breadcrumb\"},\"inLanguage\":\"es\",\"potentialAction\":[{\"@type\":\"ReadAction\",\"target\":[\"https:\/\/destinosyrutasdecolombia.com\/?page_id=72\"]}]},{\"@type\":\"BreadcrumbList\",\"@id\":\"https:\/\/destinosyrutasdecolombia.com\/?page_id=72#breadcrumb\",\"itemListElement\":[{\"@type\":\"ListItem\",\"position\":1,\"name\":\"Portada\",\"item\":\"https:\/\/destinosyrutasdecolombia.com\/\"},{\"@type\":\"ListItem\",\"position\":2,\"name\":\"Blog\"}]},{\"@type\":\"WebSite\",\"@id\":\"https:\/\/destinosyrutasdecolombia.com\/#website\",\"url\":\"https:\/\/destinosyrutasdecolombia.com\/\",\"name\":\"Destinos y Rutas de Colombia\",\"description\":\"Agencia de Viajes local\",\"potentialAction\":[{\"@type\":\"SearchAction\",\"target\":{\"@type\":\"EntryPoint\",\"urlTemplate\":\"https:\/\/destinosyrutasdecolombia.com\/?s={search_term_string}\"},\"query-input\":{\"@type\":\"PropertyValueSpecification\",\"valueRequired\":true,\"valueName\":\"search_term_string\"}}],\"inLanguage\":\"es\"}]}<\/script>\n<!-- \/ Yoast SEO plugin. -->","yoast_head_json":{"title":"Blog - Destinos y Rutas de Colombia","robots":{"index":"index","follow":"follow","max-snippet":"max-snippet:-1","max-image-preview":"max-image-preview:large","max-video-preview":"max-video-preview:-1"},"canonical":"https:\/\/destinosyrutasdecolombia.com\/?page_id=72","og_locale":"es_ES","og_type":"article","og_title":"Blog - Destinos y Rutas de Colombia","og_url":"https:\/\/destinosyrutasdecolombia.com\/?page_id=72","og_site_name":"Destinos y Rutas de Colombia","twitter_card":"summary_large_image","schema":{"@context":"https:\/\/schema.org","@graph":[{"@type":"WebPage","@id":"https:\/\/destinosyrutasdecolombia.com\/?page_id=72","url":"https:\/\/destinosyrutasdecolombia.com\/?page_id=72","name":"Blog - Destinos y Rutas de Colombia","isPartOf":{"@id":"https:\/\/destinosyrutasdecolombia.com\/#website"},"datePublished":"2025-08-09T17:54:08+00:00","breadcrumb":{"@id":"https:\/\/destinosyrutasdecolombia.com\/?page_id=72#breadcrumb"},"inLanguage":"es","potentialAction":[{"@type":"ReadAction","target":["https:\/\/destinosyrutasdecolombia.com\/?page_id=72"]}]},{"@type":"BreadcrumbList","@id":"https:\/\/destinosyrutasdecolombia.com\/?page_id=72#breadcrumb","itemListElement":[{"@type":"ListItem","position":1,"name":"Portada","item":"https:\/\/destinosyrutasdecolombia.com\/"},{"@type":"ListItem","position":2,"name":"Blog"}]},{"@type":"WebSite","@id":"https:\/\/destinosyrutasdecolombia.com\/#website","url":"https:\/\/destinosyrutasdecolombia.com\/","name":"Destinos y Rutas de Colombia","description":"Agencia de Viajes local","potentialAction":[{"@type":"SearchAction","target":{"@type":"EntryPoint","urlTemplate":"https:\/\/destinosyrutasdecolombia.com\/?s={search_term_string}"},"query-input":{"@type":"PropertyValueSpecification","valueRequired":true,"valueName":"search_term_string"}}],"inLanguage":"es"}]}},"_links":{"self":[{"href":"https:\/\/destinosyrutasdecolombia.com\/index.php?rest_route=\/wp\/v2\/pages\/72","targetHints":{"allow":["GET"]}}],"collection":[{"href":"https:\/\/destinosyrutasdecolombia.com\/index.php?rest_route=\/wp\/v2\/pages"}],"about":[{"href":"https:\/\/destinosyrutasdecolombia.com\/index.php?rest_route=\/wp\/v2\/types\/page"}],"author":[{"embeddable":true,"href":"https:\/\/destinosyrutasdecolombia.com\/index.php?rest_route=\/wp\/v2\/users\/1"}],"replies":[{"embeddable":true,"href":"https:\/\/destinosyrutasdecolombia.com\/index.php?rest_route=%2Fwp%2Fv2%2Fcomments&post=72"}],"version-history":[{"count":0,"href":"https:\/\/destinosyrutasdecolombia.com\/index.php?rest_route=\/wp\/v2\/pages\/72\/revisions"}],"wp:attachment":[{"href":"https:\/\/destinosyrutasdecolombia.com\/index.php?rest_route=%2Fwp%2Fv2%2Fmedia&parent=72"}],"curies":[{"name":"wp","href":"https:\/\/api.w.org\/{rel}","templated":true}]}}